ase 8) to base 16.
-1baf
What is -888 (base 13) in base 8?
-2670
-953 (base 16) to base 13
-1118
What is -7162 (base 9) in base 5?
-131430
-7161 (base 10) to base 13
-334b
-930 (base 12) to base 9
-1740
-ba4 (base 12) to base 6
-11524
Convert -2000331 (base 5) to base 4.
-13221231
Convert -4d4 (base 15) to base 16.
-44b
Convert 381 (base 11) to base 13.
28a
What is -11626 (base 9) in base 4?
-1321320
Convert 113310 (base 5) to base 2.
1000001101101
Convert -10448 (base 9) to base 3.
-100111122
Convert 67584 (base 9) to base 6.
544034
Convert 330134 (base 5) to base 2.
10110000011110
Convert -1651 (base 7) to base 3.
-220221
3b1 (base 16) to base 4
32301
Convert -1ac3 (base 16) to base 11.
-5169
Convert -1101224 (base 5) to base 16.
-49fb
What is -df5 (base 16) in base 11?
-2759
Convert 9567 (base 15) to base 10.
31597
-224233 (base 5) to base 3
-102001211
Convert 271 (base 13) to base 16.
1ae
Convert -c4 (base 14) to base 5.
-1142
What is -43a4 (base 12) in base 14?
-2a16
Convert -2166 (base 8) to base 3.
-1120022
What is -1312 (base 5) in base 2?
-11001111
901 (base 10) to base 2
1110000101
32440 (base 5) to base 4
203011
What is 2882 (base 11) in base 13?
1902
Convert -10450 (base 10) to base 13.
-49ab
4108 (base 16) to base 9
24747
-111002110 (base 3) to base 9
-14073
What is 1842a (base 12) in base 14?
cb62
Convert 1512 (base 7) to base 13.
36c
What is -25542 (base 6) in base 5?
-111003
What is 12131 (base 4) in base 8?
635
-2616 (base 7) to base 13
-5b5
What is 5215 (base 6) in base 7?
3251
257 (base 16) to base 15
29e
Convert 61b2 (base 13) to base 11.
a15a
5550 (base 6) to base 5
20130
Convert 7217 (base 10) to base 15.
2212
61b (base 13) to base 2
10000001110
What is 3444 (base 6) in base 15?
39a
Convert 253 (base 12) to base 14.
1b1
What is 5ac (base 13) in base 6?
4323
What is 3071 (base 8) in base 11?
1219
-42301 (base 8) to base 13
-801c
2032221 (base 4) to base 16
23a9
940 (base 15) to base 7
6036
Convert 450 (base 14) to base 3.
1011122
1753 (base 15) to base 3
20220020
What is 203 (base 6) in base 12?
63
What is -312121 (base 4) in base 15?
-1071
-480 (base 10) to base 5
-3410
What is -1674 (base 10) in base 13?
-9ba
Convert 26 (base 16) to base 10.
38
What is -5010 (base 6) in base 12?
-766
-8e6 (base 16) to base 8
-4346
Convert -111000001 (base 2) to base 12.
-315
Convert -2c49 (base 14) to base 11.
-5a37
6e40 (base 15) to base 12
116b0
What is 42cc (base 16) in base 8?
41314
What is -3310320 (base 4) in base 16?
-3d38
What is -32034 (base 6) in base 16?
-10f6
Convert -2140 (base 6) to base 4.
-13230
Convert 3c5a (base 13) to base 12.
5046
-2164 (base 12) to base 13
-189a
362 (base 13) to base 15
292
Convert -34c (base 13) to base 10.
-571
Convert 38b6 (base 12) to base 11.
4956
Convert -20233321 (base 4) to base 8.
-105771
What is -1701 (base 11) in base 10?
-2179
What is 5522 (base 6) in base 14?
670
100ed (base 16) to base 6
1224301
What is -30 (base 13) in base 5?
-124
8a06 (base 12) to base 14
57ca
What is -2445 (base 7) in base 10?
-915
What is -489 (base 11) in base 15?
-28b
dbc (base 14) to base 11
2048
Convert -a585 (base 13) to base 3.
-1011110001
2355 (base 13) to base 9
6733
11042 (base 10) to base 14
404a
Convert 1358 (base 15) to base 2.
1000000100101
3c5 (base 13) to base 3
220202
What is -34601 (base 8) in base 13?
-6915
What is 425 (base 10) in base 2?
110101001
Convert -20134 (base 5) to base 8.
-2416
1000000001 (base 2) to base 11
427
4268 (base 9) to base 15
de5
131 (base 16) to base 8
461
What is 5706 (base 8) in base 4?
233012
235 (base 7) to base 9
147
Convert -1100010000 (base 2) to base 9.
-1061
Convert -10110101011 (base 2) to base 6.
-10415
2c00 (base 13) to base 14
24aa
343 (base 12) to base 3
122220
a825 (base 11) to base 9
21554
-289a (base 13) to base 8
-13361
What is -10000101010000 (base 2) in base 14?
-3172
-22143 (base 6) to base 16
-c0f
What is 990 (base 12) in base 4?
111330
What is -3134331 (base 5) in base 11?
-36467
Convert -101310 (base 4) to base 6.
-5140
Convert -3649 (base 12) to base 4.
-1133121
-1055321 (base 6) to base 16
-d441
What is 21011 (base 3) in base 7?
364
What is 25234 (base 6) in base 14?
1530
What is -4b64 (base 15) in base 11?
-11089
What is 3162 (base 10) in base 9?
4303
Convert -38736 (base 10) to base 7.
-220635
Convert 11100000011 (base 2) to base 10.
1795
Convert -66036 (base 8) to base 5.
-1341203
Convert -32152 (base 6) to base 11.
-332a
What is -527 (base 12) in base 13?
-45a
-1371 (base 12) to base 16
-8c5
What is 287 (base 13) in base 5?
3244
What is 1dd (base 16) in base 8?
735
Convert -1030 (base 6) to base 5.
-1414
-11442 (base 15) to base 2
-1101011010110010
What is -146 (base 10) in base 4?
-2102
Convert -30412 (base 5) to base 16.
-7be
What is -25054 (base 6) in base 5?
-104311
-100412 (base 9) to base 11
-40686
What is b8b3 (base 15) in base 5?
2222333
830 (base 11) to base 12
6b5
-4178 (base 12) to base 13
-333b
What is -1010011010 (base 2) in base 15?
-2e6
What is -721 (base 14) in base 9?
-1826
What is 212 (base 12) in base 4?
10232
Convert 10001011011 (base 2) to base 14.
599
What is -232 (base 14) in base 2?
-110110100
Convert -2211 (base 4) to base 11.
-140
2102 (base 4) to base 2
10010010
What is -200412 (base 5) in base 16?
-18d5
Convert 1212201001 (base 3) to base 14.
d684
What is -7fb (base 16) in base 6?
-13243
Convert -102200 (base 5) to base 15.
-1035
Convert -1242421 (base 5) to base 6.
-310304
What is -1022 (base 3) in base 9?
-38
What is 604 (base 14) in base 5?
14210
What is 32b (base 14) in base 4?
21303
Convert cc1 (base 13) to base 10.
2185
Convert 428 (base 13) to base 14.
38a
Convert -20233 (base 4) to base 2.
-1000101111
What is 2201111 (base 3) in base 14?
a1a
What is -30223 (base 5) in base 4?
-132102
Convert -9464 (base 11) to base 5.
-400113
What is 1403 (base 6) in base 16?
16b
What is -6a29 (base 12) in base 15?
-3796
11a97 (base 11) to base 2
100001110001000
7865 (base 11) to base 9
15176
Convert -5b92 (base 13) to base 14.
-4a1d
What is -100101101000 (base 2) in base 7?
-10010
-921 (base 10) to base 8
-1631
-502 (base 7) to base 10
-247
1110420 (base 5) to base 2
100110000011101
What is 1753 (base 8) in base 10?
1003
What is -22221011 (base 4) in base 13?
-16ac0
What is -24522 (base 7) in base 13?
-2c10
What is 139 (base 13) in base 7?
430
What is -2413 (base 5) in base 6?
-1354
15750 (base 9) to base 12
6316
What is -100000 (base 3) in base 16?
-f3
-211212110 (base 3) to base 2
-100000100011111
-17061 (base 8) to base 14
-2b61
-1624 (base 8) to base 13
-556
What is 1333 (base 5) in base 12?
162
What is -873 (base 15) in base 8?
-3564
-43142 (base 6) to base 12
-34b2
14361 (base 14) to base 5
3100230
-18855 (base 9) to base 8
-31443
Convert 4682 (base 10) to base 7.
16436
14226 (base 9) to base 7
40113
What is -3b1b (base 12) in base 10?
-6791
What is -94e (base 15) in base 13?
-c56
-41322 (base 5) to base 13
-1308
What is 17050 (base 11) in base 7?
130003
What is -110758 (base 9) in base 16?
-102b6
What is 5835 (base 15) in base 2?
100100100100101
Convert -428 (base 15) to base 5.
-12223
What is -56a (base 11) in base 9?
-836
-110d (base 16) to base 12
-2639
-9a0 (base 11) to base 14
-619
Convert 2c (base 14) to base 10.
40
-10001022200 (base 3) to base 5
-3410022
1034 (base 8) to base 7
1401
Convert 203 (base 14) to base 6.
1455
Convert -11957 (base 15) to base 11.
-39177
Convert -3ab3 (base 16) to base 3.
-202121120
Convert -17297 (base 10) to base 16.
-4391
Convert -12633 (base 9) to base 11.
-645a
Convert -26b8 (base 14) to base 2.
-1101010101010
Convert 13060 (base 8) to base 14.
20da
What is 1a1 (base 15) in base 16?
178
Convert -49280 (base 10) to base 8.
-140200
What is -16125 (base 8) in base 12?
-4245
What is 250 (base 14) in base 11?
390
What is 76a (base 12) in base 5?
13330
What is -111010110000 (base 2) in base 12?
-2214
What is -146 (base 13) in base 3?
-22102
-11 (base 7) to base 16
-8
What is -1a5 (base 16) in base 2?
-110100101
What is -107564 (base 8) in base 11?
-25656
-102630 (base 7) to base 14
-66c0
What is -3002013 (base 4) in base 8?
-30207
Convert 30142 (base 7) to base 5.
213112
What is -666 (base 7) in base 15?
-17c
What is 1827 (base 14) in base 13?
1c95
-371 (base 10) to base 11
-308
W